 x?
0
Let n(u) = -548*u - 528. What is the units digit of n(-14)?
4
Suppose 4833 - 1314 = -9*b. Let u = 659 + b. What is the hundreds digit of u?
2
Let l = 12 + -9. Let n(b) = 28*b**2 - 5*b + 2. Let q be n(l). Suppose -9*a = -q - 121. What is the tens digit of a?
4
Let t = 12327 - -427. What is the hundreds digit of t?
7
Let t(d) = -d**2 - 40*d + 33. Let n be t(-25). Suppose -h = -0*g - 3*g - n, -3*g - 819 = -2*h. What is the units digit of h?
1
Let s(u) = -5*u**2 - 5*u + 9. Let y be s(3). Let r = -47 - y. Suppose -272 = r*q - 900. What is the hundreds digit of q?
1
Let p = -199 + 202. Suppose -677 = -3*g - p*c + 445, 4*c = 0. What is the units digit of g?
4
Let k(i) = 201*i**2 - 62*i + 49. What is the tens digit of k(7)?
6
Suppose 21454 = 3*d - 2*y, -2*d + 185*y - 187*y + 14296 = 0. What is the hundreds digit of d?
1
Suppose -3*x + 35 = j, 4*x - 7*j - 46 = -8*j. Suppose -28*a + 7344 = -x*a. What is the units digit of a?
2
Suppose -4*c + 8 = -2*c. Let f = -1 + c. Suppose -4*k - f*i + 43 = 0, 3*k + i = -k + 33. What is the units digit of k?
7
Suppose 2*w - 40689 = -5*a + 352091, 3*a = -5*w + 235649. What is the thousands digit of a?
8
Suppose 11*a = 74 + 14. What is the tens digit of (582/a)/(6/64)?
7
Suppose 4*z - 4370 = 58*b - 60*b, -z - b = -1092. Suppose -16*c = z - 17061. What is the hundreds digit of c?
9
Suppose 4*u - 3496 - 2276 = u. What is the hundreds digit of u?
9
Let y = -5073 + 2308. What is the tens digit of 24/(-20)*y/21?
5
Let b be (4/5)/((-48)/(-5880)). What is the units digit of 14*(-3 - 7/(b/(-58)))?
6
Let z be -4 + (-28 + 3)/(-5). Let m be z - (-66)/(-48) - 70/(-16). Suppose 0*y = 3*g + y - 598, -g + m*y = -195. What is the tens digit of g?
9
What is the ten thousands digit of (1 - 15) + (-16338620)/(-274)?
5
Let d(w) = -49*w**3 + 2*w**2 - w - 8. Let m = -122 + 120. What is the hundreds digit of d(m)?
3
Suppose -2*c = 0, -5*r - 2*c + 14 - 4 = 0. Let m be 3 + -4 + (2 - r*-12). Suppose -4*p + m = k - 101, 4*k = 2*p + 594. What is the units digit of k?
6
Suppose -5*d + 506 + 72 = -3*q, 0 = -2*q + 8. Let s = 474 - d. What is the hundreds digit of s?
3
Suppose 69 = 3*z + 2*l - 4*l, -4*l + 12 = 0. Suppose 10980 = -7*y + z*y. What is the hundreds digit of y?
6
Suppose 141*x = 143*x - 130. Let d = -61 + x. Suppose 3*c + 0*a - 531 = 2*a, 5*c = d*a + 883. What is the tens digit of c?
7
Let n = 18967 + -7732. What is the tens digit of n?
3
Let b = -18537 - -23505. What is the hundreds digit of b?
9
What is the thousands digit of 9430 - -1 - (137 - 123)?
9
Suppose -33*z + 969994 = 293725. What is the thousands digit of z?
0
Let m = 969 - -1988. What is the units digit of m?
7
Let q = 20 + -18. Let r be q/(-5) + (-20)/(-50). Suppose r = -4*s - 5*l + 320, 7*s - 3*s + 3*l - 312 = 0. What is the units digit of s?
5
Let p(u) = 3*u + 43. Let c(v) = 1. Let z(h) = 3*c(h) + p(h). Let l(w) = -w - 15. Let o(b) = 17*l(b) + 6*z(b). What is the units digit of o(-19)?
2
Let o = 37 + -36. Let q be (-11)/(o/(3/3)). Let y(t) = t**3 + 13*t**2 + 18*t. What is the tens digit of y(q)?
4
Let u(n) = -7*n**3 - 7*n**2 + 9*n - 14. Let h(y) = -10*y**3 - 11*y**2 + 14*y - 21. Let l(s) = -5*h(s) + 7*u(s). What is the units digit of l(4)?
9
What is the hundreds digit of 42/(-28)*24080/15*-2?
8
Let w = -366 + 1046. Let m = w + 14. What is the hundreds digit of m?
6
Let l be -1 + (-4)/(-6) + (-21)/(-9). Suppose l*o + 3 + 1 = 0. What is the tens digit of o/(1 + -3) - -28?
2
Let f = 415 + 62. What is the tens digit of f?
7
Let z(d) = 3*d**2 - 28*d - 49. Let r be z(11). Suppose -4*v + 11*u + 4500 = r*u, -2*u - 2252 = -2*v. What is the tens digit of v?
3
Let f = -4170 + 5902. What is the hundreds digit of f?
7
Let l = 14824 - 12669. What is the thousands digit of l?
2
Suppose 0 = 92*d - 705965 - 1769111. What is the tens digit of d?
0
Let p = 312 - 143. Suppose p*y + 1270 = 174*y. What is the hundreds digit of y?
2
Suppose -4*x = 3*y - 1628, -4*y = y. Let m = x - 230. What is the hundreds digit of m?
1
Suppose 0 = -258*j + 289*j - 213218. What is the units digit of j?
8
Let u(s) = -31*s**3 + 2*s**2 + s - 1. Let a be u(-1). Let o = a + -27. What is the tens digit of ((-34)/(-4))/(o/40)?
8
Let w(j) = -j**3 + 53*j**2 - 109*j - 49. Let x be w(50). Let z = x - 830. What is the thousands digit of z?
1
Suppose 0 = 41*r - 37*r - 1672. Suppose u - 1228 = -r. What is the units digit of u?
0
Let a be (-10)/(-4) - 13/26. What is the units digit of (-679)/a*((-20)/(-4) - 7)?
9
Let y(f) = -3*f**2 - 8*f + 3. Let j = 52 - 56. Let i be y(j). Let w(b) = -2*b**2 - 27*b + 15. What is the units digit of w(i)?
8
Let p(j) = -84*j**2 + 6*j - j + 92*j**2 - 20. Let z be p(4). Suppose -5*m + 2*s - 68 + 699 = 0, -s - z = -m. What is the units digit of m?
5
Let s(z) = z - z**2 - 32*z**3 - z**2 - 12*z**3. What is the tens digit of s(-2)?
4
Suppose -5*h - 6 = -2*p - 14, p + 6 = 3*h. What is the units digit of -1*(-8 + p) - -1055?
7
Suppose -49*t - 2*h = -45*t - 110572, 3*t = -5*h + 82922. What is the units digit of t?
4
Suppose n - 366 = 3*v + 2*n, -3*v = -n + 360. Let l = v + 425. What is the units digit of l?
4
Let z = 444 - 233. Suppose 0 = 209*d - z*d. Suppose 2*u = 2, d = -0*g + 5*g + u - 951. What is the tens digit of g?
9
Suppose 53*w = -181381 + 1804029. What is the thousands digit of w?
0
Let u(y) = 108*y**2 + y - 12. Let w be u(3). Suppose 15*k - 4338 + w = 0. What is the units digit of k?
5
Let i = 131361 + -85297. What is the thousands digit of i?
6
Let y(b) = b**3 + 40*b**2 + 145*b + 38. Let g be y(-36). Suppose 2*c + 0*c = 8, g*c + 240 = 2*f. What is the hundreds digit of f?
1
Let a(m) be the first derivative of 11 + 0*m**3 + 29/2*m**4 - 3/2*m**2 + 2*m. What is the units digit of a(1)?
7
Suppose 27 = 13*c - 7786. Suppose 0 = -d - j + 299, 0 = 13*d - 11*d + j - c. What is the hundreds digit of d?
3
Let c(h) = 46*h**3 + 9*h**2 - 13*h + 5. Let a be c(1). Let l be (-283)/(10/6 + -2). Suppose -7*b + l = -a. What is the tens digit of b?
2
Suppose -70*g + 82*g = 149688. What is the thousands digit of g?
2
Let p be (6 - (20 - 7))*(-36 + -1). Suppose g - p = -i, -3*i = g - 5*g + 1050. What is the units digit of g?
1
Suppose -5*p + 4*p + 12 = c, c + 23 = 4*p. Suppose 3*j + 272 = -4*w, -p*j + 9*j - 5*w = -189. Let s = 234 + j. What is the hundreds digit of s?
1
Suppose 0 = -2*m + u + 33, 0 = -6*m + 9*m - 3*u - 48. Suppose -i = m*i - 1170. Suppose 4*j = 0, 2*j - 4*j - i = -l. What is the tens digit of l?
6
Suppose 141*f - 136*f - 1450 = 0. Let n = 214 + f. What is the tens digit of n?
0
Let x(r) = 3*r**2 - 7*r - 28. Let m be x(-3). What is the tens digit of (-13 - 3)*m/6*-3?
6
Let r be 2*5/1 + (-5 - -1). Let l(n) = 40*n + 18. What is the hundreds digit of l(r)?
2
Suppose 2*l - 9 = -4*n + 23, 28 = 4*l - 4*n. Suppose l*s + 3181 - 10721 = 0. What is the hundreds digit of s?
7
Suppose -4*j = j - 15. Suppose -j*y = -8*y + 4880. Suppose -7*u + 3*u = -y. What is the hundreds digit of u?
2
Suppose 0 = 19*u + 55*u - 1019128. What is the tens digit of u?
7
Let v = -2 + 1. What is the tens digit of 3 + 54 + (-3)/v + -7?
5
Suppose -11*y + 1650 = 14*y. Let w be 6 - 3 - (10 + -1). Let n = y - w. What is the tens digit of n?
7
Suppose 27160 = 4*u - 4*g, -5 = -g + 6*g. What is the tens digit of u?
8
Let m = 53735 + -21733. What is the ten thousands digit of m?
3
Let m = -45 + 74. Suppose w + 1 = 3*r + 3*w, m = 3*r - 5*w. Suppose -1050 = -r*a - 3*a. What is the tens digit of a?
7
Suppose 3*a - 16088 = -d, -d - 5*a = -14002 - 2080. What is the tens digit of d?
9
Let h be 2696/(-12)*6 + -1 + -5. Let y = 1 - h. What is the hundreds digit of y?
3
Let r = 3214 + 7370. What is the hundreds digit of r?
5
Suppose 3*y - 72 = -5*y. Suppose 0 = -11*c + y*c + 600. What is the tens digit of (3/2)/(10/c)?
4
Let k be 7 - -4*6/(-8). Suppose 2*b + 3*r = -10, 0 = -5*b + k*r - 3 + 24. What is the units digit of b?
1
Let f(c) = -3*c - 26. Let a be f(-4). Let r(y) = 3*y**2 + 16*y - 17. What is the hundreds digit of r(a)?
3
Let t = -9758 + 14259. What is the tens digit of t?
0
Suppose 20*k = 11 + 589. What is the hundreds digit of (-168)/k*(-1225)/10?
6
Suppose -77*v = -78*v. Suppose -2*n + 90 + 262 = v. What is the hundreds digit of n?
1
Let r = 103356 + -60533. What is the thousands digit of r?
2
Suppose -5*r + 30 = 5*h, 0*r = 2*h -